{"id":69,"date":"2025-03-15T11:10:06","date_gmt":"2025-03-15T11:10:06","guid":{"rendered":"https:\/\/dellenfreisalem.de\/?page_id=69"},"modified":"2025-04-19T12:13:02","modified_gmt":"2025-04-19T12:13:02","slug":"kontakt","status":"publish","type":"page","link":"https:\/\/dellenfreisalem.de\/?page_id=69","title":{"rendered":"Kontakt"},"content":{"rendered":"\n<p class=\"has-medium-font-size\">Ich bitte Sie, Telefonisch oder \u00fcber das Kontaktformular einen Termin zu vereinbaren, da Ich oft auch au\u00dfer Haus t\u00e4tig bin.<\/p>\n\n\n\n<p class=\"has-medium-font-size\">Ich biete Ihnen gerne an, den Schaden an Ihrem Fahrzeug direkt bei Ihnen zu Hause im Raum Salem und Umgebung zu begutachten. So k\u00f6nnen wir eventuelle Fragen pers\u00f6nlich besprechen und gemeinsam die n\u00e4chsten Schritte planen.<\/p>\n\n\n\n<details class=\"wp-block-details is-layout-flow wp-block-details-is-layout-flow\"><summary><\/summary><\/details>\n\n\n\n<p><\/p>\n\n\n\n<p><\/p>\n\n\n\n<p><\/p>\n\n\n\n<p><\/p>\n\n\n\n<div class=\"wp-block-columns is-layout-flex wp-container-core-columns-is-layout-9d6595d7 wp-block-columns-is-layout-flex\">\n<div class=\"wp-block-column is-layout-flow wp-block-column-is-layout-flow\" style=\"flex-basis:66.66%\">\n<p>Bitte nutze dieses Formular um mich zu kontaktieren. Ich melde mich schnellstm\u00f6glich zur\u00fcck.<\/p>\n\n\n\n<figure class=\"wp-block-image size-large\"><img loading=\"lazy\" decoding=\"async\" width=\"1024\" height=\"768\" src=\"https:\/\/dellenfreisalem.de\/wp-content\/uploads\/2025\/03\/David-1024x768.jpg\" alt=\"\" class=\"wp-image-208\" srcset=\"https:\/\/dellenfreisalem.de\/wp-content\/uploads\/2025\/03\/David-1024x768.jpg 1024w, https:\/\/dellenfreisalem.de\/wp-content\/uploads\/2025\/03\/David-300x225.jpg 300w, https:\/\/dellenfreisalem.de\/wp-content\/uploads\/2025\/03\/David-768x576.jpg 768w, https:\/\/dellenfreisalem.de\/wp-content\/uploads\/2025\/03\/David-1536x1152.jpg 1536w, https:\/\/dellenfreisalem.de\/wp-content\/uploads\/2025\/03\/David-2048x1536.jpg 2048w\" sizes=\"auto, (max-width: 1024px) 100vw, 1024px\" \/><\/figure>\n<\/div>\n\n\n\n<div class=\"wp-block-column is-layout-flow wp-block-column-is-layout-flow\" style=\"flex-basis:33.33%\">\n<div class=\"wpcf7 no-js\" id=\"wpcf7-f151-o1\" lang=\"de-DE\" dir=\"ltr\" data-wpcf7-id=\"151\">\n<div class=\"screen-reader-response\"><p role=\"status\" aria-live=\"polite\" aria-atomic=\"true\"><\/p> <ul><\/ul><\/div>\n<form action=\"\/index.php?rest_route=%2Fwp%2Fv2%2Fpages%2F69#wpcf7-f151-o1\" method=\"post\" class=\"wpcf7-form init\" aria-label=\"Kontaktformular\" novalidate=\"novalidate\" data-status=\"init\">\n<fieldset class=\"hidden-fields-container\"><input type=\"hidden\" name=\"_wpcf7\" value=\"151\" \/><input type=\"hidden\" name=\"_wpcf7_version\" value=\"6.1.5\" \/><input type=\"hidden\" name=\"_wpcf7_locale\" value=\"de_DE\" \/><input type=\"hidden\" name=\"_wpcf7_unit_tag\" value=\"wpcf7-f151-o1\" \/><input type=\"hidden\" name=\"_wpcf7_container_post\" value=\"0\" \/><input type=\"hidden\" name=\"_wpcf7_posted_data_hash\" value=\"\" \/>\n<\/fieldset>\n<p><label> Dein Name<br \/>\n<span class=\"wpcf7-form-control-wrap\" data-name=\"your-name\"><input size=\"40\" maxlength=\"400\" class=\"wpcf7-form-control wpcf7-text wpcf7-validates-as-required\" autocomplete=\"name\" aria-required=\"true\" aria-invalid=\"false\" value=\"\" type=\"text\" name=\"your-name\" \/><\/span> <\/label>\n<\/p>\n<p><label> Deine E-Mail-Adresse<br \/>\n<span class=\"wpcf7-form-control-wrap\" data-name=\"your-email\"><input size=\"40\" maxlength=\"400\" class=\"wpcf7-form-control wpcf7-email wpcf7-validates-as-required wpcf7-text wpcf7-validates-as-email\" autocomplete=\"email\" aria-required=\"true\" aria-invalid=\"false\" value=\"\" type=\"email\" name=\"your-email\" \/><\/span> <\/label>\n<\/p>\n<p><label> Betreff<br \/>\n<span class=\"wpcf7-form-control-wrap\" data-name=\"your-subject\"><input size=\"40\" maxlength=\"400\" class=\"wpcf7-form-control wpcf7-text wpcf7-validates-as-required\" aria-required=\"true\" aria-invalid=\"false\" value=\"\" type=\"text\" name=\"your-subject\" \/><\/span> <\/label>\n<\/p>\n<p><label> Deine Nachricht)<br \/>\n<span class=\"wpcf7-form-control-wrap\" data-name=\"your-message\"><textarea cols=\"40\" rows=\"10\" maxlength=\"2000\" class=\"wpcf7-form-control wpcf7-textarea\" aria-invalid=\"false\" name=\"your-message\"><\/textarea><\/span> <\/label>\n<\/p>\n<p><input class=\"wpcf7-form-control wpcf7-submit has-spinner\" type=\"submit\" value=\"Nachricht Senden\" \/>\n<\/p><p style=\"display: none !important;\" class=\"akismet-fields-container\" data-prefix=\"_wpcf7_ak_\"><label>&#916;<textarea name=\"_wpcf7_ak_hp_textarea\" cols=\"45\" rows=\"8\" maxlength=\"100\"><\/textarea><\/label><input type=\"hidden\" id=\"ak_js_1\" name=\"_wpcf7_ak_js\" value=\"53\"\/><script type=\"text\/javascript\">\n\/* <![CDATA[ *\/\ndocument.getElementById( \"ak_js_1\" ).setAttribute( \"value\", ( new Date() ).getTime() );\n\/* ]]> *\/\n<\/script>\n<\/p><div class=\"wpcf7-response-output\" aria-hidden=\"true\"><\/div>\n<\/form>\n<\/div>\n\n<\/div>\n<\/div>\n","protected":false},"excerpt":{"rendered":"<p>Ich bitte Sie, Telefonisch oder \u00fcber das Kontaktformular einen Termin zu vereinbaren, da Ich oft auch au\u00dfer Haus t\u00e4tig bin. Ich biete Ihnen gerne an, den Schaden an Ihrem Fahrzeug &#8230;<\/p>\n","protected":false},"author":1,"featured_media":0,"parent":0,"menu_order":0,"comment_status":"closed","ping_status":"closed","template":"","meta":{"footnotes":""},"class_list":["post-69","page","type-page","status-publish","hentry"],"yoast_head":"<!-- This site is optimized with the Yoast SEO plugin v27.5 - https:\/\/yoast.com\/product\/yoast-seo-wordpress\/ -->\n<title>Kontakt - Dellenfrei Salem<\/title>\n<meta name=\"robots\" content=\"index, follow, max-snippet:-1, max-image-preview:large, max-video-preview:-1\" \/>\n<link rel=\"canonical\" href=\"https:\/\/dellenfreisalem.de\/?page_id=69\" \/>\n<meta property=\"og:locale\" content=\"de_DE\" \/>\n<meta property=\"og:type\" content=\"article\" \/>\n<meta property=\"og:title\" content=\"Kontakt - Dellenfrei Salem\" \/>\n<meta property=\"og:description\" content=\"Ich bitte Sie, Telefonisch oder \u00fcber das Kontaktformular einen Termin zu vereinbaren, da Ich oft auch au\u00dfer Haus t\u00e4tig bin. Ich biete Ihnen gerne an, den Schaden an Ihrem Fahrzeug ...\" \/>\n<meta property=\"og:url\" content=\"https:\/\/dellenfreisalem.de\/?page_id=69\" \/>\n<meta property=\"og:site_name\" content=\"Dellenfrei Salem\" \/>\n<meta property=\"article:modified_time\" content=\"2025-04-19T12:13:02+00:00\" \/>\n<meta property=\"og:image\" content=\"https:\/\/dellenfreisalem.de\/wp-content\/uploads\/2025\/03\/David-1024x768.jpg\" \/>\n<meta name=\"twitter:card\" content=\"summary_large_image\" \/>\n<meta name=\"twitter:label1\" content=\"Gesch\u00e4tzte Lesezeit\" \/>\n\t<meta name=\"twitter:data1\" content=\"1\u00a0Minute\" \/>\n<script type=\"application\/ld+json\" class=\"yoast-schema-graph\">{\"@context\":\"https:\\\/\\\/schema.org\",\"@graph\":[{\"@type\":\"WebPage\",\"@id\":\"https:\\\/\\\/dellenfreisalem.de\\\/?page_id=69\",\"url\":\"https:\\\/\\\/dellenfreisalem.de\\\/?page_id=69\",\"name\":\"Kontakt - Dellenfrei Salem\",\"isPartOf\":{\"@id\":\"http:\\\/\\\/dellenfreisalem.de\\\/#website\"},\"primaryImageOfPage\":{\"@id\":\"https:\\\/\\\/dellenfreisalem.de\\\/?page_id=69#primaryimage\"},\"image\":{\"@id\":\"https:\\\/\\\/dellenfreisalem.de\\\/?page_id=69#primaryimage\"},\"thumbnailUrl\":\"https:\\\/\\\/dellenfreisalem.de\\\/wp-content\\\/uploads\\\/2025\\\/03\\\/David-1024x768.jpg\",\"datePublished\":\"2025-03-15T11:10:06+00:00\",\"dateModified\":\"2025-04-19T12:13:02+00:00\",\"breadcrumb\":{\"@id\":\"https:\\\/\\\/dellenfreisalem.de\\\/?page_id=69#breadcrumb\"},\"inLanguage\":\"de\",\"potentialAction\":[{\"@type\":\"ReadAction\",\"target\":[\"https:\\\/\\\/dellenfreisalem.de\\\/?page_id=69\"]}]},{\"@type\":\"ImageObject\",\"inLanguage\":\"de\",\"@id\":\"https:\\\/\\\/dellenfreisalem.de\\\/?page_id=69#primaryimage\",\"url\":\"https:\\\/\\\/dellenfreisalem.de\\\/wp-content\\\/uploads\\\/2025\\\/03\\\/David-scaled.jpg\",\"contentUrl\":\"https:\\\/\\\/dellenfreisalem.de\\\/wp-content\\\/uploads\\\/2025\\\/03\\\/David-scaled.jpg\",\"width\":2560,\"height\":1920},{\"@type\":\"BreadcrumbList\",\"@id\":\"https:\\\/\\\/dellenfreisalem.de\\\/?page_id=69#breadcrumb\",\"itemListElement\":[{\"@type\":\"ListItem\",\"position\":1,\"name\":\"Startseite\",\"item\":\"http:\\\/\\\/dellenfreisalem.de\\\/\"},{\"@type\":\"ListItem\",\"position\":2,\"name\":\"Kontakt\"}]},{\"@type\":\"WebSite\",\"@id\":\"http:\\\/\\\/dellenfreisalem.de\\\/#website\",\"url\":\"http:\\\/\\\/dellenfreisalem.de\\\/\",\"name\":\"www.Dellenfreisalem.de\",\"description\":\"\",\"publisher\":{\"@id\":\"http:\\\/\\\/dellenfreisalem.de\\\/#organization\"},\"potentialAction\":[{\"@type\":\"SearchAction\",\"target\":{\"@type\":\"EntryPoint\",\"urlTemplate\":\"http:\\\/\\\/dellenfreisalem.de\\\/?s={search_term_string}\"},\"query-input\":{\"@type\":\"PropertyValueSpecification\",\"valueRequired\":true,\"valueName\":\"search_term_string\"}}],\"inLanguage\":\"de\"},{\"@type\":\"Organization\",\"@id\":\"http:\\\/\\\/dellenfreisalem.de\\\/#organization\",\"name\":\"Dellenfrei Salem\",\"url\":\"http:\\\/\\\/dellenfreisalem.de\\\/\",\"logo\":{\"@type\":\"ImageObject\",\"inLanguage\":\"de\",\"@id\":\"http:\\\/\\\/dellenfreisalem.de\\\/#\\\/schema\\\/logo\\\/image\\\/\",\"url\":\"https:\\\/\\\/dellenfreisalem.de\\\/wp-content\\\/uploads\\\/2025\\\/03\\\/Logo-neu_lang_550px.png\",\"contentUrl\":\"https:\\\/\\\/dellenfreisalem.de\\\/wp-content\\\/uploads\\\/2025\\\/03\\\/Logo-neu_lang_550px.png\",\"width\":550,\"height\":139,\"caption\":\"Dellenfrei Salem\"},\"image\":{\"@id\":\"http:\\\/\\\/dellenfreisalem.de\\\/#\\\/schema\\\/logo\\\/image\\\/\"}}]}<\/script>\n<!-- \/ Yoast SEO plugin. -->","yoast_head_json":{"title":"Kontakt - Dellenfrei Salem","robots":{"index":"index","follow":"follow","max-snippet":"max-snippet:-1","max-image-preview":"max-image-preview:large","max-video-preview":"max-video-preview:-1"},"canonical":"https:\/\/dellenfreisalem.de\/?page_id=69","og_locale":"de_DE","og_type":"article","og_title":"Kontakt - Dellenfrei Salem","og_description":"Ich bitte Sie, Telefonisch oder \u00fcber das Kontaktformular einen Termin zu vereinbaren, da Ich oft auch au\u00dfer Haus t\u00e4tig bin. Ich biete Ihnen gerne an, den Schaden an Ihrem Fahrzeug ...","og_url":"https:\/\/dellenfreisalem.de\/?page_id=69","og_site_name":"Dellenfrei Salem","article_modified_time":"2025-04-19T12:13:02+00:00","og_image":[{"url":"https:\/\/dellenfreisalem.de\/wp-content\/uploads\/2025\/03\/David-1024x768.jpg","type":"","width":"","height":""}],"twitter_card":"summary_large_image","twitter_misc":{"Gesch\u00e4tzte Lesezeit":"1\u00a0Minute"},"schema":{"@context":"https:\/\/schema.org","@graph":[{"@type":"WebPage","@id":"https:\/\/dellenfreisalem.de\/?page_id=69","url":"https:\/\/dellenfreisalem.de\/?page_id=69","name":"Kontakt - Dellenfrei Salem","isPartOf":{"@id":"http:\/\/dellenfreisalem.de\/#website"},"primaryImageOfPage":{"@id":"https:\/\/dellenfreisalem.de\/?page_id=69#primaryimage"},"image":{"@id":"https:\/\/dellenfreisalem.de\/?page_id=69#primaryimage"},"thumbnailUrl":"https:\/\/dellenfreisalem.de\/wp-content\/uploads\/2025\/03\/David-1024x768.jpg","datePublished":"2025-03-15T11:10:06+00:00","dateModified":"2025-04-19T12:13:02+00:00","breadcrumb":{"@id":"https:\/\/dellenfreisalem.de\/?page_id=69#breadcrumb"},"inLanguage":"de","potentialAction":[{"@type":"ReadAction","target":["https:\/\/dellenfreisalem.de\/?page_id=69"]}]},{"@type":"ImageObject","inLanguage":"de","@id":"https:\/\/dellenfreisalem.de\/?page_id=69#primaryimage","url":"https:\/\/dellenfreisalem.de\/wp-content\/uploads\/2025\/03\/David-scaled.jpg","contentUrl":"https:\/\/dellenfreisalem.de\/wp-content\/uploads\/2025\/03\/David-scaled.jpg","width":2560,"height":1920},{"@type":"BreadcrumbList","@id":"https:\/\/dellenfreisalem.de\/?page_id=69#breadcrumb","itemListElement":[{"@type":"ListItem","position":1,"name":"Startseite","item":"http:\/\/dellenfreisalem.de\/"},{"@type":"ListItem","position":2,"name":"Kontakt"}]},{"@type":"WebSite","@id":"http:\/\/dellenfreisalem.de\/#website","url":"http:\/\/dellenfreisalem.de\/","name":"www.Dellenfreisalem.de","description":"","publisher":{"@id":"http:\/\/dellenfreisalem.de\/#organization"},"potentialAction":[{"@type":"SearchAction","target":{"@type":"EntryPoint","urlTemplate":"http:\/\/dellenfreisalem.de\/?s={search_term_string}"},"query-input":{"@type":"PropertyValueSpecification","valueRequired":true,"valueName":"search_term_string"}}],"inLanguage":"de"},{"@type":"Organization","@id":"http:\/\/dellenfreisalem.de\/#organization","name":"Dellenfrei Salem","url":"http:\/\/dellenfreisalem.de\/","logo":{"@type":"ImageObject","inLanguage":"de","@id":"http:\/\/dellenfreisalem.de\/#\/schema\/logo\/image\/","url":"https:\/\/dellenfreisalem.de\/wp-content\/uploads\/2025\/03\/Logo-neu_lang_550px.png","contentUrl":"https:\/\/dellenfreisalem.de\/wp-content\/uploads\/2025\/03\/Logo-neu_lang_550px.png","width":550,"height":139,"caption":"Dellenfrei Salem"},"image":{"@id":"http:\/\/dellenfreisalem.de\/#\/schema\/logo\/image\/"}}]}},"rttpg_featured_image_url":null,"rttpg_author":{"display_name":"David","author_link":"https:\/\/dellenfreisalem.de\/?author=1"},"rttpg_comment":0,"rttpg_category":null,"rttpg_excerpt":"Ich bitte Sie, Telefonisch oder \u00fcber das Kontaktformular einen Termin zu vereinbaren, da Ich oft auch au\u00dfer Haus t\u00e4tig bin. Ich biete Ihnen gerne an, den Schaden an Ihrem Fahrzeug ...","_links":{"self":[{"href":"https:\/\/dellenfreisalem.de\/index.php?rest_route=\/wp\/v2\/pages\/69","targetHints":{"allow":["GET"]}}],"collection":[{"href":"https:\/\/dellenfreisalem.de\/index.php?rest_route=\/wp\/v2\/pages"}],"about":[{"href":"https:\/\/dellenfreisalem.de\/index.php?rest_route=\/wp\/v2\/types\/page"}],"author":[{"embeddable":true,"href":"https:\/\/dellenfreisalem.de\/index.php?rest_route=\/wp\/v2\/users\/1"}],"replies":[{"embeddable":true,"href":"https:\/\/dellenfreisalem.de\/index.php?rest_route=%2Fwp%2Fv2%2Fcomments&post=69"}],"version-history":[{"count":22,"href":"https:\/\/dellenfreisalem.de\/index.php?rest_route=\/wp\/v2\/pages\/69\/revisions"}],"predecessor-version":[{"id":327,"href":"https:\/\/dellenfreisalem.de\/index.php?rest_route=\/wp\/v2\/pages\/69\/revisions\/327"}],"wp:attachment":[{"href":"https:\/\/dellenfreisalem.de\/index.php?rest_route=%2Fwp%2Fv2%2Fmedia&parent=69"}],"curies":[{"name":"wp","href":"https:\/\/api.w.org\/{rel}","templated":true}]}}